g + 132. Let f be c(4). What is the greatest common factor of 105 and f?
15
Let x(q) = 5*q**2 + 3*q - 2. Let h be x(2). Let z be (0 + -10)/((-6)/h). What is the highest common divisor of z and 8?
8
Let i = -51 - -56. What is the greatest common factor of i and 15?
5
Let g be 77 - ((-15)/5 - -4). Suppose 6*v = g + 20. What is the greatest common factor of 16 and v?
16
Suppose 3*k = -q + 224, -11*q + 6*k - 233 = -12*q. What is the greatest common divisor of 15 and q?
5
Let n be (-424)/(-10) + 117/195. Calculate the greatest common divisor of n and 129.
43
Suppose 11*b + 35 = 5*u + 15*b, -2*u - 5*b + 14 = 0. What is the highest common factor of 294 and u?
7
Suppose -50 = -2*u + 2*r, -u + 31 = 4*r - 3*r. Calculate the greatest common divisor of u and 196.
28
Let k(n) = -4*n**2 - 9*n - 8. Let q be k(-6). Let h = q - -101. Calculate the greatest common divisor of h and 33.
3
Let a = -2 + 2. Let s = a + 14. Suppose 0 = -2*f + 5*l + 33, -3*f + 23 = -5*l - 24. What is the greatest common divisor of f and s?
14
Suppose -2245 = -14*n + 4069. What is the greatest common divisor of 11 and n?
11
Suppose -2*o + 189 + 67 = 0. What is the highest common divisor of o and 4?
4
Suppose 61*n = 4*j + 62*n - 10695, -8026 = -3*j + 4*n. Calculate the greatest common factor of j and 14.
14
Let t be (-20)/(-7)*(60/8 + -4). What is the highest common divisor of 35 and t?
5
Let h be (-2 - -3)*(-1 + 2). Let u = 37 - h. Let r = -6 + 15. What is the highest common divisor of r and u?
9
Let m(p) = -p**3 + 51*p**2 + p - 32. Let o be m(51). Let j be 2940/77 - 2/11. Calculate the highest common divisor of o and j.
19
Let x(p) = 7*p + 2. Let j be x(1). Suppose 2*n - 7*h + 2*h = -j, 0 = 5*n + h - 45. What is the greatest common divisor of n and 16?
8
Suppose 20 = 4*r - 3*r. Let p = r - 14. Calculate the greatest common divisor of p and 36.
6
Let n(b) be the first derivative of 81*b**4/4 - 8. Let m be n(1). Calculate the highest common factor of 27 and m.
27
Let s(m) = m + 3. Let f be s(-8). Let i be 10/f + ((-3)/(-3) - -25). Calculate the highest common factor of 216 and i.
24
Let m(f) = -f**3 + 12*f**2 + 3*f - 30. Let q be m(12). Let n be 6435/21 - q*2/28. What is the greatest common divisor of n and 34?
34
Let k = 1259 - 1225. Calculate the highest common divisor of k and 187.
17
Suppose 3 = -10*o + 23. Suppose s + 4*s + q = 8, 2 = 5*s - q. What is the highest common divisor of s and o?
1
Let u = 117 + -103. What is the greatest common factor of u and 98?
14
Suppose 4*y + p - 14 = 11, 20 = 4*p. Suppose i - 2*i + 35 = 0. Calculate the greatest common factor of i and y.
5
Let m(b) = 2*b**2 - 12*b + 25. Let a be m(4). Suppose 3*r = -r + 216. What is the greatest common factor of r and a?
9
Let a = 370 + -334. What is the highest common factor of a and 342?
18
Let l(v) = -v**3 + 15*v**2 + 32*v + 23. Let x be l(17). Let h be 98/8 + -3 + x/(-4). Calculate the greatest common factor of h and 8.
4
Suppose -96 = 37*q - 41*q. Let y = -10 + 16. Suppose 5*u = y*u - q. What is the highest common divisor of u and 120?
24
Let f = 17 - -13. Let s(w) = -2*w - 10. Suppose 4*c = -37 + 5. Let v be s(c). What is the highest common divisor of f and v?
6
Suppose -2*p = 10, 4*o - 9*o - p - 5 = 0. Suppose o = h + h - 12. What is the greatest common divisor of h and 36?
6
Let j(f) = f**3 - 12*f**2 - 11*f - 15. Let u be j(13). Let o = -34 + 122. What is the greatest common factor of o and u?
11
Let n(a) = -413*a - 140. Let m be n(-1). Calculate the highest common factor of m and 21.
21
Suppose 19*i - 18*i - 374 = -3*m, 0 = -4*m - 4*i + 512. Calculate the greatest common divisor of m and 41.
41
Let j be 17/((-8)/(-1 + -7)) - 6/1. Let l(h) = -25*h - 3. Let z be l(7). Let q be z/(-4) - 1/2. What is the greatest common divisor of j and q?
11
Let u = 5 - 2. Suppose 2*j = p - u*p + 12, -2*j + 4*p = 0. Let a be (35 - 3) + -3 + (1 - -2). What is the highest common divisor of j and a?
4
Let u(k) = 70*k + 433. Let q be u(7). What is the highest common factor of 26 and q?
13
Let i = 118 + -40. Calculate the greatest common divisor of 39 and i.
39
Let g = 484 + -57. What is the highest common factor of 61 and g?
61
Suppose -5*p + r + 564 = -51, -3*p = -4*r - 352. Suppose 7*s = 18*s - 341. Calculate the highest common factor of s and p.
31
Let z(m) = 19*m**3 + 5*m**2 - 1. Let x be z(1). What is the highest common factor of x and 1288?
23
Let f(x) = x**2 + 15*x + 28. Let a be f(-13). Suppose -a*j + 130 = -2*y, -j + 0*y = y - 75. What is the highest common factor of j and 14?
14
Let h be 15*(2 - 3)*25/(-15). What is the highest common factor of 125 and h?
25
Let m = 375 + -337. Calculate the highest common factor of m and 133.
19
Suppose 0 = -w - y + 8 - 4, 3*y = -12. Suppose 2*z - 78 = -r, 3*z - 11 - 117 = 4*r. Suppose b - z = w. Calculate the greatest common divisor of b and 16.
16
Let g = -815 - -1247. What is the greatest common divisor of g and 27?
27
Let c(q) = -q**3 + 5*q**2 + 8*q - 2. Let v be c(8). Let t be 22/66 - (0 + v/6). Calculate the highest common factor of t and 55.
11
Let o = 35 - 15. What is the highest common factor of 90 and o?
10
Suppose 3*r = -2*u + 146, -5*u - 3*r + 219 = -2*u. Calculate the greatest common factor of u and 1241.
73
Let n = 55 + -31. Suppose -y = 5*u - n, 5 = -5*y - 3*u + 37. Suppose -s = s - 32. What is the highest common factor of s and y?
4
Let m be 46/5 + 22/(-110). What is the highest common factor of 3 and m?
3
Let x = 276 + -269. What is the greatest common factor of 119 and x?
7
Let u = 1063 + -860. Calculate the highest common divisor of 29 and u.
29
Suppose 3*n - 5*r = n + 49, 4*n + r - 43 = 0. Calculate the greatest common factor of 54 and n.
6
Let i(l) = l**3 + l**2 - 13*l + 31. Let x be i(3). What is the greatest common factor of x and 196?
28
Let q(x) = x**3 - 5*x**2 - 11*x + 6. Let g be q(7). Let k be (-5 - -6)*-2 - -137. What is the highest common divisor of g and k?
27
Suppose 6*w = -34 - 8. Let n(b) = -b**2 - 13*b - 18. Let m be n(w). Calculate the greatest common divisor of m and 6.
6
Suppose 5*f - 391 = p, -3*p - 400 = -2*p + 4*f. Let l be ((-4)/8)/(3/p). Calculate the greatest common factor of l and 22.
22
Let p be ((-55)/(-11))/(-5)*-143. Calculate the greatest common divisor of 104 and p.
13
Let j = -10 - -5. Let h be (-5)/(-25) + (-9)/j. Suppose -h*k = -9*k + 238. Calculate the highest common divisor of k and 85.
17
Let y(t) = t**2 - 3*t + 4. Let p be y(3). Suppose -p*h - 180 = -9*h. Calculate the greatest common factor of 4 and h.
4
Let t = 1321 - 1249. What is the highest common factor of 972 and t?
36
Suppose 0*m + 3*m - 30 = 0. Let h be 956/m - (-6)/15. What is the highest common divisor of 12 and h?
12
Suppose 0 = -5*l - 2*o - 34 + 130, 5*l + 3*o - 99 = 0. Suppose -l*s + 15*s + 30 = 0. Calculate the greatest common factor of s and 5.
5
Let g = -12 - -4. Let x = -72 - -119. Let b = x - g. Calculate the greatest common divisor of 22 and b.
11
Suppose -u - 4*k = -6, 12 = u - 5*k - 21. Calculate the highest common factor of 144 and u.
18
Let s be (-2)/(((-4)/(-354))/(-1)) - 1. Calculate the greatest common divisor of s and 112.
16
Let b be ((-231)/12)/((-3)/12). Calculate the highest common divisor of b and 11.
11
Let u(o) = -o**2 - 8*o - 10. Let x be (-1)/((-4)/(-24) + 0). Let h be u(x). Suppose h = k - 19. What is the highest common factor of 147 and k?
21
Let z(a) = -a**3 - 6*a**2 + 11. Let n be z(-7). What is the highest common divisor of n and 675?
15
Let c be ((-140)/(-105))/((4/66)/2). What is the highest common divisor of 28 and c?
4
Let n(u) = 5*u - 5. Let d be n(15). Calculate the highest common divisor of d and 30.
10
Let d be 1*(40 - (-1)/1). Let c = d + -25. What is the greatest common factor of c and 80?
16
Let f(g) = g**3 - 5*g**2 + 3*g + 5. Let q be (24/15)/(2/5). Let m be f(q). Suppose 0 = -i + m + 11. What is the greatest common factor of 84 and i?
12
Let a(y) = y**2 - 36*y + 256. Let g be a(27). Let k(w) = -w - 5. Let o be k(-7). Suppose o*m - 78 = -m. What is the highest common factor of g and m?
13
Let h = 779 - 674. What is the greatest common divisor of 45 and h?
15
Let p(t) = 6*t**2 - 18*t + 15. Let s be p(6). Calculate the greatest common factor of 205 and s.
41
Let w(b) = b**3 - 18*b + 5. Let z be w(5). Calculate the highest 